 -12 - (-25 - 0)?
11
What is the value of -9 + (0 - 3) + (180 - 192)?
-24
Calculate 0 + -9 + -1424 + 1436.
3
-2 + (-15 - -7) - (-3 - -16)
-23
Evaluate -18 + 23 + -10 + -3.
-8
What is (-9 - (-10 + 0)) + -10?
-9
What is the value of 2 + 1 - (-312 + 286 + (0 - -2))?
27
Calculate -10 + 11 + -9 + 2 + 12.
6
What is (1 - -1 - (8 - 2)) + (8 - -4)?
8
133 - 145 - (-20 + 2)
6
Evaluate -1 - -42 - (35 - 16).
22
What is 1 - (28 + 9 + -17)?
-19
(5 - 1) + -10 + 8 - (1 + -7)
8
What is -29 - -5 - -30 - (2 + 2)?
2
What is (-5 + -3 - -6) + -3 + (-19 - -14)?
-10
Evaluate -10 + (-3 + 4 - 1) + 6 + 5.
1
What is the value of 0 - 12 - -11 - (-1 + 17)?
-17
What is (-14 - -7) + (-3 + 20 - -11)?
21
Evaluate -1 + (2 - -20) + 25 + -10.
36
Calculate 8 + -2 + -23 + 9 + 6.
-2
What is the value of 14 - ((0 - 15) + 124 + -116) - 8?
13
What is 4 + -3 + 7 - (14 - 5 - 4)?
3
(-391 - -380) + (-3 - 0 - -2)
-12
Evaluate -8 - -2 - (10 + -7 + -11).
2
Calculate 11 + 11 + -14 + (-21 - -2).
-11
What is -2 - -12 - 14 - -7?
3
What is (7 - 14) + 14 + -12 - (-2 - 11)?
8
Evaluate 1 + (-5 - (3 + -6) - (-5 - -7)).
-3
What is the value of 12 - (-10 + 13) - (3 + -12)?
18
What is -14 - (2 + -21 - (-10 - 3))?
-8
What is the value of -22 + (15 + -33 - -40) - (-5 + 1)?
4
Evaluate 20 + -13 + -6 + 2 + 1.
4
What is 0 + -1 + -5 + (24 - 11) + -11?
-4
Calculate -25 + (-12 - (-11 + 9 + -21)).
-14
Calculate 20 + (122 - 110 - (1 - -12)).
19
Calculate 3 + (-23 - -6 - 1) + 3.
-12
What is -10 - (-7 - -14 - 7)?
-10
What is the value of -44 + 29 + 42 + -27?
0
What is the value of -5 - 6 - -17 - (-4 + 14)?
-4
What is the value of -17 - (-4 + 0 - 4 - -12 - 5)?
-16
Evaluate (10 - 11) + (-3 - 3) + (-9 - 7).
-23
(24 - 0) + (40 - 39) - 5
20
-51 - (-2 + (22 - 46))
-25
What is 19 + 1 + 6 + -12 - (0 + 3)?
11
Calculate (-2 + -1 - 14) + 8 + 1.
-8
Calculate 13 + (-15 - 15) + (1 - (-1 - -2)).
-17
-1121 + 1129 + (1 - 1 - (0 + 13))
-5
Evaluate (6 - -9) + -6 + -5.
4
What is (4 - -1) + (-4 - 1) + (5 - 1)?
4
Evaluate (8 - (-14 - -3 - -19)) + (-3 - 0).
-3
-7 - (9 + (-3 - 3) + 7 + 0)
-17
Calculate 25 - (10 + (-1 - (-16 - -7) - 8)).
15
Evaluate 2 + (-2 - 6) + 16 + (12 - 28).
-6
Evaluate (4 - -29) + -15 + -58.
-40
What is 8 + -2 + (-10 + 1 - -4)?
1
Evaluate 1 + -3 - -2 - (-20 + -7 + 33).
-6
(1 + -10 - (1 - 1)) + (1 - -1)
-7
What is (24 - 1) + (13 - 24) + 4?
16
Evaluate -4 + (-2 - -1) + 0 + (25 - 19).
1
What is 10 + -19 - (12 - 0)?
-21
Calculate -24 - (-7 + -19 - -12).
-10
Calculate -41 + 40 - -28 - 26.
1
What is -9 + 19 + 1 - 10?
1
Calculate 0 + 0 + (0 - -23) - (-8 - -16).
15
What is 7 - -1 - (-8 + 3 + 14 + 4)?
-5
What is 32 + 3 + -37 + -28?
-30
What is the value of 1228 + -1222 - (-10 + (-3 - -2) + -1)?
18
Evaluate 2 - 0 - ((-14 - 0) + 5).
11
-12 + (-16 - -29) + -23
-22
What is the value of 0 + 19 + (6 + 12 - 19)?
18
What is 0 + 8 - 6 - (-6 + -2) - 27?
-17
27 - (6 + 26) - ((-21 - 2) + 2)
16
Calculate 2 + (1 - (0 + -14 + 4)).
13
12 - ((-9 - 5) + 48 + -40)
18
Calculate 11 - 27 - -11 - ((-1 - 1) + 13).
-16
What is the value of 8 + 0 - (21 - 24)?
11
What is the value of -17 - (-6 + (-19 - -34) + 2)?
-28
Calculate 122 - (21 - -64) - (3 + -1).
35
16 - (-4 - 1) - (-6 - -13)
14
What is 1 + 2 + (-19 - -29) + -7?
6
Calculate 101 - 103 - (14 + -8 - (1 - 5)).
-12
(0 + 31 - 20) + 12
23
Calculate -9 - -29 - 14 - -7.
13
Evaluate 1 + (5 - 12 - 0) - (-3 + 7).
-10
What is the value of (-8 - -6) + -12 + 16 + -1 + -25?
-24
What is (-70 - -72) + (1 - -12)?
15
What is -2 + -2 + -5 + 4 + 8 - -3?
6
What is the value of 191 + -194 - (-1 - 1)?
-1
What is (-6 + -1 - 8) + 4 - -16?
5
What is -21 + (-7 - -43) - (3 + 7)?
5
What is 2 - (1 - 16) - (10 - (-3 - -17))?
21
Calculate (20 - 2) + -3 + (-1 - 10).
4
Evaluate (-8 - (6 + -19)) + -11.
-6
-1293 + 1292 - (0 + 2 + -25 + 1)
21
What is 0 - -19 - 13 - 13?
-7
What is -3 - (-5 - (4 - (5 - 1 - 6)))?
8
Calculate 1 - (3 - ((-18 - -10) + 15)).
5
Calculate 23 - (-6 - (3 + -18)).
14
-4 + (19 - (0 + -5 + 11)) - 2
7
26 - (21 - 27 - -28)
4
What is 29 + (6 - 1) - 19?
15
Calculate (78 - (-19 - -59)) + -27.
11
Evaluate (50 - 38) + (-16 - -2).
-2
-29 - 0 - (-1539 - -1529)
-19
What is the value of 1 - 10 - (-5 - 18 - -40)?
-26
Evaluate -348 - -382 - (-3 + 18).
19
Calculate (7 - 10) + (-6 - -17) + -33.
-25
What is (2 - -7) + -307 + 301?
3
Calculate 37 + -17 + 15 + -22.
13
What is the value of -9 - ((2 - -1 - 13) + 0)?
1
Evaluate 9 + (13 - 0) + -16.
6
What is the value of (-19 - -15 - -3) + -13?
-14
What is (-9 - (0 + -9)) + 19 + -8?
11
What is the value of -17 + -7 + 61 + -50?
-13
Calculate -6 + 3 + (0 - 3) + 161 + -164.
-9
Evaluate (11 - (-8 - -5)) + -2 - 0.
12
(1 - -4) + -938 + 941
8
14 - ((3 - 10) + (4 - -3))
14
Calculate -5 + -2 + 2 + 9 + 1 - 11.
-6
What is -1 + -1 - (-253 - -261)?
-10
What is the value of 10 + -3 + 3 + -5 + -11?
-6
Evaluate (-2 - 0 - (24 - 36)) + -3.
7
What is the value of (10 - -1) + (-50 - -42) + 12 + 2?
17
What is the value of 395 - 393 - (1 + -4)?
5
Calculate -21 - -41 - 25 - 12.
-17
Calculate 0 + 2 + 1 + 10.
13
Evaluate -5 - (-82 - -73 - (2 - (6 - 3))).
3
Evaluate -5 + 11 + 7 + -8 + 3.
8
What is the value of 8 + (-39 - -12) + 7?
-12
Evaluate -13 + (18 + -4 - -7) + -4.
4
What is (-53 - -33) + -24 + 36?
-8
(-2 - -14) + 17 + -36 - -9
2
What is the value of 1 + 11 + 2 + -3 + 5 - -1?
17
(-6 - -7) + -15 + (-7 - -2)
-19
What is 3 - (18 - (6 + -18 + 19))?
-8
What is -2 + -9 - (-97 + 81)?
5
32 + -35 + -4 + -5 + -1 + 2
-11
-19 + 24 - (2 - -9) - -11
5
Evaluate (0 - -19 - (107 + -95)) + 2 + 8.
17
What is the value of 11 + -31 - -17 - (14 + -3) - 8?
-22
What is 5 + -5 + 75 + -55?
20
Evaluate -1 - 0 - 6 - (-23 - -17 - -1).
-2
Evaluate 24 + -23 + 17 + -22.
-4
What is the value of (-2 - (-16 - -23)) + (-5 - 0)?
-14
Evaluate -13 + 3 - (17 + -35).
8
5 + ((-4 - -15) + -6 - (46 - 9))
-27
Evaluate 0 - -3 - (4 + (-2 + 3 - -1)).
-3
What is -1 - (11 + -4 + (14 - 7))?
-15
What is the value of (13 - -2) + 78 + -88?
5
Calculate 1 + 13 + 5 + -28 + 6 + -1.
-4
-153 + 131 + (39 - 3)
14
Calculate 11 - -25 - 13 - (-4 + 16).
11
Evaluate -22 + (-3 - -60) - 17.
18
-48 - (-10 + -2) - -18
-18
What is the value of -6 - (-21 - (8 + (5 - 9 - 1)))?
18
What is the value of 11 + -15 + (-5 - (5 - 12))?
-2
(93 - 36) + -48 + (-11 - -1)
-1
0 + -12 + 25 + -10
3
Calculate -6 - 0 - (81 + -79 - (0 - -5)).
-3
Calculate 19 + 12 + 50 + -57.
24
What is 10 + -9 - 11 - -8?
-2
3 + -24 + (9 + 3 - (0 - -4))
-13
Calculate (0 - 11) + (63 - 48).
4
What is the value of (-4 - 7) + 1 + (7 - -1 - -2)?
0
What is 2 - 2 - -2 - (1 + 34 - 27)?
-6
What is the value of -34 - (2 + (-26 - -18) - -10)?
-38
What is the value of 11 + -16 - (-7 - -2)?
0
(13 - (10 + -2)) + -6 + 10
9
What is -4 + (3 - 4 - 1) - (-5 + -11)?
10
Evaluate 5 - (4 + 0 + 3 + 0 + -5).
3
Evaluate (2 - (-4 - -7)) + -2 - 4.
-7
What is the value of -1 - (-1 + (3 - (-3 - -5)) - -3)?
-4
Calculate (16 - 5) + (10 - (12 + -2)).
11
What is 3 + (6 - 3) + -8 + (-15 - -45)?
28
What is the value of -31 - (4 + -88) - 36?
17
What is (12 - 2) + -17 - (28 - 19)?
-16
What is -36 + 19 - (-31 + 5)?
9
What is the value of -7 - ((-13 - -7) + 3 - 2) - -21?
19
(7 - (26 + -27)) + 4 + 5
17
Calculate 663 + -662 - (1 - -7).
-7
-4 + (-5 + 1 - 4) + -2 + 8
-6
Calculate (-17 - (26 + -52)) + (-4 - 32).
-27
What is the value of (-31 + 64 - 36) + (27 - (2 + -3))?
25
Calculate -2 + -9 - (-3 - ((-4 - -12) + -7)).
-7
What is the value of (-21 - (-59 - 5)) + -28?
15
-23 + (1 - -7) + 0 + -1
-16
What is -5 + 14 + -10 + -10?
-11
Evaluate (-29 + 6 - -23) + 16.
16
Evaluate (1 - 7) + 6 + (18 - 3).
15
What is the value of 24 + 1 + -8 + -11?
6
Evaluate 21 + -10 - (0 - (-7 + -1)).
3
Evaluate -36 + 11 + 14 + (-6 + 0 - -15).
-2
-7 - (5 + (-16 - 12))
16
What is (-14 - -19) + -3 + 1 + 5 + -4?
4
Calculate -37 + 45 - (-1 - 11).
20
Evaluate 14 + 10 + -12 + -3 + (19 - 7).
21
15 - (-33 + 19) - 20
9
Calculate -2 + -7 - (96 + -65) - -11.
-29
2 + (9 - 15 - 19) + 7
-16
Evaluate -17 + 1 + (-61 - -73).
-4
What is the value of (-11 - -24) + 19 + -42 + 0 + 13?
3
Evaluate 6 + (3 - (-5 + -3)) + -7.
10
What is the value of (32 - 34) + (0 - -3) + 2?
3
2 - (-8 + (12 - 1))
-1
What is -10 + (-3 + 2 - (-21 + 17))?
-7
Calculate 23 + (8 - 34) - (-2 - (24 - 4)).
19
What is 0 - (6 + 2) - (5 + -5)?
-8
Evaluate 4 + (-3 - (5 + 0)).
-4
Calculate 2 + (-12 - 1) - (-73 + 51 - -6).
5
Evaluate 23 +